{"id":76,"date":"2012-04-23T13:23:34","date_gmt":"2012-04-23T13:23:34","guid":{"rendered":"http:\/\/www.voyageurs-citoyens.fr\/?page_id=76"},"modified":"2013-06-20T16:40:29","modified_gmt":"2013-06-20T16:40:29","slug":"textes-legislatifs-et-rapports","status":"publish","type":"page","link":"https:\/\/www.voyageurs-citoyens.fr\/?page_id=76","title":{"rendered":"Textes l\u00e9gislatifs et rapports"},"content":{"rendered":"<div id=\"lipsum\">\n<p><a href=\"http:\/\/gallica.bnf.fr\/ark:\/12148\/bpt6k6105294r\/f6.image.swf\">Loi du 16 juillet 1912<\/a><\/p>\n<p><a href=\"http:\/\/www.voyageurs-citoyens.fr\/wp-content\/uploads\/2012\/06\/D\u00e9cret-du-16-f\u00e9vrier-1913.pdf\">D\u00e9cret du 16 f\u00e9vrier 1913<\/a><\/p>\n<p><a href=\"http:\/\/www.voyageurs-citoyens.fr\/wp-content\/uploads\/2012\/06\/Arr\u00eat\u00e9-du-26-mars-1913.pdf\">Arr\u00eat\u00e9 minist\u00e9riel pour l\u2019application du d\u00e9cret \u00a0du 16 f\u00e9vrier 1913<\/a><\/p>\n<p><a href=\"http:\/\/www.voyageurs-citoyens.fr\/wp-content\/uploads\/2012\/06\/D\u00e9cret-du-3-mai-1913-prophylaxie.pdf\">D\u00e9cret du 3 mai 1913<\/a><\/p>\n<p><a href=\"http:\/\/www.voyageurs-citoyens.fr\/wp-content\/uploads\/2012\/06\/Circulaire-du-3-octobre-1913.pdf\">Circulaire du 3 octobre 1913<\/a><\/p>\n<p><a href=\"http:\/\/www.voyageurs-citoyens.fr\/wp-content\/uploads\/2012\/06\/Circulaire-du-22-octobre-1913.pdf\">Circulaire du 22 octobre 1913<\/a><\/p>\n<p><a href=\"http:\/\/www.voyageurs-citoyens.fr\/wp-content\/uploads\/2012\/06\/D\u00e9cret-du-7-juillet-1926-professions-ambulantes1.pdf\">D\u00e9cret du 7 juillet 1926<\/a><\/p>\n<p><a href=\"http:\/\/www.legifrance.gouv.fr\/affichTexte.do?cidTexte=LEGITEXT000006068336&amp;dateTexte=20110825\">Loi du 3 janvier 1969<\/a><\/p>\n<p><a href=\"http:\/\/www.voyageurs-citoyens.fr\/wp-content\/uploads\/2012\/06\/JOCirculaire19851001.pdf\">Circulaire du 1<sup>er<\/sup> octobre 1985<\/a><\/p>\n<p><a href=\"http:\/\/fnasat.centredoc.fr\/opac\/doc_num.php?explnum_id=194\">Rapport Delamon<\/a>\u00a0\u00a0\u00a0 La situation des \u00ab\u00a0Gens du voyage\u00a0\u00bb et les mesures propos\u00e9es pour l\u2019am\u00e9liorer rapport de mission de Mr Arsene Delamon \u00e0 Mr le premier Ministre, 1990<br \/>\nRapport HALDE\/FNASAT<a href=\"http:\/\/fnasat.centredoc.fr\/opac\/doc_num.php?explnum_id=266\"><br \/>\nLE BERRE Christophe. Le statut des Gens du voyage au crible de la discrimination indirecte. Rapport remis au comit\u00e9 consultatif de la HALDE. Fnasat, novembre 2007<\/a><br \/>\nD\u00e9lib\u00e9rations de la HALDE <a href=\"http:\/\/www.fnasat.asso.fr\/halde\/Deliberation_de_la_HALDE1.pdf\"><br \/>\nD\u00e9lib\u00e9ration n\u00b02007-372 du 17 d\u00e9cembre 2007<\/a><a href=\"http:\/\/www.fnasat.asso.fr\/halde\/HALDE%20-%20Deliberation%20060409%20-%20suivi%20rapport%20et%20avis%20171207%20%282%29.pdf\"><br \/>\nD\u00e9lib\u00e9ration n\u00b02009 \u2013 143 de la Halde 6 avril 2009<\/a><a href=\"http:\/\/www.fnasat.asso.fr\/halde\/Deliberation%20halde%202009-316.rtf\"><br \/>\nD\u00e9lib\u00e9ration n\u00b02009-316 du 14 septembre 2009<\/a><br \/>\n<a href=\"http:\/\/www.legifrance.gouv.fr\/affichTexte.do?cidTexte=JORFTEXT000021163701\">Un rapport sp\u00e9cial publi\u00e9 au journal officiel\u00a0en 2009<br \/>\n<\/a><br \/>\nComit\u00e9 Europ\u00e9en des Droits Sociaux du Conseil de l\u2019Europe, <a href=\"http:\/\/www.rtdh.eu\/pdf\/CC33Merits_fr.pdf\">D\u00e9cision 2007<\/a><br \/>\n<a href=\"http:\/\/www.coe.int\/t\/dghl\/monitoring\/socialcharter\/Complaints\/CC51MeritsSummary_fr.pdf\">D\u00e9cision 2009<\/a><\/p>\n<p>CNCDH \u00a0(Commission Nationale Consultative des Droits de l\u2019Homme) <a href=\"http:\/\/fnasat.centredoc.fr\/opac\/doc_num.php?explnum_id=6\">Rapport 2008<\/a><br \/>\n<a href=\"http:\/\/www.fnasat.asso.fr\/12-03-22-Avis-gens-du-voyage-et-Roms-migrants.pdf\">Avis 2012<\/a><\/p>\n<p><a href=\"http:\/\/www.assemblee-nationale.fr\/13\/propositions\/pion3042.asp\">Proposition de loi<\/a> visant l\u2019abrogation de la loi du 3 janvier 1969\u00a0, Assembl\u00e9e Nationale, 15 d\u00e9cembre 2010<\/p>\n<p><a href=\"http:\/\/2007-2012.nosdeputes.fr\/seance\/4601#table_13136\">Discussion de la proposition de loi<\/a> \u00e0 l&rsquo;Assembl\u00e9e nationale\u00a0 26 janvier 2011<\/p>\n<p><a href=\"http:\/\/fnasat.centredoc.fr\/opac\/doc_num.php?explnum_id=189\">Rapport de la mission d\u2019information de l\u2019Assembl\u00e9e Nationale<\/a> sur le bilan et l\u2019adaptation de la l\u00e9gislation relative \u00e0 l\u2019accueil et \u00e0 l\u2019habitat des \u00ab\u00a0Gens du voyage\u00a0\u00bb \u00a09 mars 2011<\/p>\n<p><a href=\"http:\/\/fnasat.centredoc.fr\/opac\/doc_num.php?explnum_id=209\">Rapport du Pr\u00e9sident de la Commission nationale consultative des Gens du voyage<\/a>, le s\u00e9nateur Pierre H\u00e9risson, \u00e9tabli \u00e0 la demande du Premier Ministre\u00a0, 28 juillet 2011<\/p>\n<p><a href=\"http:\/\/www.senat.fr\/dossier-legislatif\/ppl11-587.html\">Proposition de loi <\/a>visant \u00e0 abroger la loi 69-3 du 3 janvier 1969 SENAT 12 juin 2012<\/p>\n<p><a href=\"http:\/\/www.depechestsiganes.fr\/wp-content\/uploads\/2012\/10\/cc2012279qpc.pdf\">D\u00e9cision du conseil constitutionnel du 5 octobre 2012<\/a><a href=\"http:\/\/estherbenbassa.eelv.fr\/proposition-de-loi-sur-les-gens-du-voyage-contre-la-stigmatisation-restaurer-leurs-droits\"><br \/>\n<\/a><\/p>\n<\/div>\n","protected":false},"excerpt":{"rendered":"<p>Loi du 16 juillet 1912 D\u00e9cret du 16 f\u00e9vrier 1913 Arr\u00eat\u00e9 minist\u00e9riel pour l\u2019application du d\u00e9cret \u00a0du 16 f\u00e9vrier 1913 D\u00e9cret du 3 mai 1913 Circulaire du 3 octobre 1913 Circulaire du 22 octobre 1913 D\u00e9cret du 7 juillet 1926 &hellip; <a href=\"https:\/\/www.voyageurs-citoyens.fr\/?page_id=76\">Continuer la lecture <span class=\"meta-nav\">&rarr;<\/span><\/a><\/p>\n","protected":false},"author":1,"featured_media":0,"parent":74,"menu_order":1,"comment_status":"open","ping_status":"open","template":"","meta":{"ngg_post_thumbnail":0,"footnotes":""},"class_list":["post-76","page","type-page","status-publish","hentry"],"_links":{"self":[{"href":"https:\/\/www.voyageurs-citoyens.fr\/index.php?rest_route=\/wp\/v2\/pages\/76","targetHints":{"allow":["GET"]}}],"collection":[{"href":"https:\/\/www.voyageurs-citoyens.fr\/index.php?rest_route=\/wp\/v2\/pages"}],"about":[{"href":"https:\/\/www.voyageurs-citoyens.fr\/index.php?rest_route=\/wp\/v2\/types\/page"}],"author":[{"embeddable":true,"href":"https:\/\/www.voyageurs-citoyens.fr\/index.php?rest_route=\/wp\/v2\/users\/1"}],"replies":[{"embeddable":true,"href":"https:\/\/www.voyageurs-citoyens.fr\/index.php?rest_route=%2Fwp%2Fv2%2Fcomments&post=76"}],"version-history":[{"count":26,"href":"https:\/\/www.voyageurs-citoyens.fr\/index.php?rest_route=\/wp\/v2\/pages\/76\/revisions"}],"predecessor-version":[{"id":419,"href":"https:\/\/www.voyageurs-citoyens.fr\/index.php?rest_route=\/wp\/v2\/pages\/76\/revisions\/419"}],"up":[{"embeddable":true,"href":"https:\/\/www.voyageurs-citoyens.fr\/index.php?rest_route=\/wp\/v2\/pages\/74"}],"wp:attachment":[{"href":"https:\/\/www.voyageurs-citoyens.fr\/index.php?rest_route=%2Fwp%2Fv2%2Fmedia&parent=76"}],"curies":[{"name":"wp","href":"https:\/\/api.w.org\/{rel}","templated":true}]}}