{"id":62,"date":"2012-04-23T13:10:12","date_gmt":"2012-04-23T13:10:12","guid":{"rendered":"http:\/\/www.voyageurs-citoyens.fr\/?page_id=62"},"modified":"2012-06-05T11:43:14","modified_gmt":"2012-06-05T11:43:14","slug":"un-statut-discriminatoire","status":"publish","type":"page","link":"https:\/\/www.voyageurs-citoyens.fr\/?page_id=62","title":{"rendered":"Un statut discriminatoire"},"content":{"rendered":"<div id=\"attachment_229\" style=\"width: 594px\" class=\"wp-caption aligncenter\"><a href=\"http:\/\/www.voyageurs-citoyens.fr\/wp-content\/uploads\/2012\/04\/MANIF-4-sept-2010-Grace-Neves.jpg\"><img loading=\"lazy\" decoding=\"async\" aria-describedby=\"caption-attachment-229\" class=\"size-large wp-image-229\" title=\"MANIF 4 sept 2010 Grace Neves\" src=\"http:\/\/www.voyageurs-citoyens.fr\/wp-content\/uploads\/2012\/04\/MANIF-4-sept-2010-Grace-Neves-1024x488.jpg\" alt=\"\" width=\"584\" height=\"278\" \/><\/a><p id=\"caption-attachment-229\" class=\"wp-caption-text\">Manifestation 4\/09\/2010 -  Photo Grace Neves<\/p><\/div>\n<p><strong>Les critiques de la loi de 1969<\/strong><br \/>\nDepuis plusieurs d\u00e9cennies, la <a href=\"http:\/\/www.legifrance.gouv.fr\/affichTexte.do?cidTexte=LEGITEXT000006068336&amp;dateTexte=20110825\">loi du 3 janvier 1969 <\/a>a fait l\u2019objet de nombreuses critiques de la part\u00a0 des associations repr\u00e9sentatives des Voyageurs ainsi que des associations de d\u00e9fense de leurs droits.<\/p>\n<p><strong>Les critiques \u00e9mises par les \u00a0rapports gouvernementaux<\/strong><br \/>\nDans son rapport command\u00e9 par le premier\u00a0 Ministre en 1990, le pr\u00e9fet\u00a0 Delamon appelle \u00e0 modifier les deux articles d\u00e9rogatoires au droit commun\u00a0concernant\u00a0:<br \/>\n&#8211;<em>la limitation \u00e0 3 %\u00a0 de la population d&rsquo;une commune (article 8 ) du nombre de personnes d\u00e9tentrices d&rsquo;un titre de circulation et rattach\u00e9es administrativement \u00e0 cette commune<br \/>\n&#8211; le d\u00e9lai de \u00a0trois ans de rattachement administratif ininterrompu dans la m\u00eame commune pour l\u2019inscription sur les listes \u00e9lectorales des personnes d\u00e9tentrices d&rsquo;un titre de circulation (article 10)<\/em><br \/>\n<a href=\"http:\/\/fnasat.centredoc.fr\/opac\/doc_num.php?explnum_id=194\">Rapport Delamon<\/a><br \/>\nEn 2001, le rapport du pr\u00e9fet Merrheim \u00a0et en 2002 le \u00a0rapport de la\u00a0 Commission nationale consultative des Gens du voyage\u00a0 renouvellent cette demande.<\/p>\n<p><strong>L\u2019approche en terme de discriminations<\/strong><br \/>\nLa loi n\u00b0 2004-1486 portant cr\u00e9ation de la Haute autorit\u00e9 de lutte contre les discriminations et pour l\u2019\u00e9galit\u00e9 (HALDE) \u00e9nonce que \u00ab\u00a0chacun a droit \u00e0 un traitement \u00e9gal, quelles que soient son origine nationale, son appartenance ou non-appartenance vraie ou suppos\u00e9e \u00e0 une ethnie ou \u00e0 une race\u00a0\u00bb pour l\u2019exercice de ses \u00a0droits \u00e9conomiques et sociaux.<br \/>\nEn 2007, une commission \u00ab\u00a0ad hoc\u00a0\u00bb de la HALDE proc\u00e8de \u00e0 plusieurs auditions et\u00a0 Christophe Le Berre, au titre de la commission juridique de la Fnasat remet un rapport \u00e0 ses membres. L\u2019approche en termes de \u00ab\u00a0discrimination indirecte\u00a0\u00bb d\u00e9montre que le r\u00e9gime juridique appliqu\u00e9 \u00e0 la cat\u00e9gorie \u00ab\u00a0gens du voyage\u00a0\u00bb est source de d\u00e9savantages marqu\u00e9s, en ce qui concerne l\u2019exercice de leurs droits civils, politiques, \u00e9conomiques sociaux et de leur acc\u00e8s \u00e0 une pleine citoyennet\u00e9.<a href=\"http:\/\/fnasat.centredoc.fr\/opac\/doc_num.php?explnum_id=266\"><br \/>\nLE BERRE Christophe. Le statut des Gens du voyage au crible de la discrimination indirecte. Rapport remis au comit\u00e9 consultatif de la HALDE. Fnasat, novembre 2007<\/a><br \/>\nTrois d\u00e9lib\u00e9rations de la HALDE appuient ce constat de 2007 \u00e0 2009\u00a0:<a href=\"http:\/\/www.fnasat.asso.fr\/halde\/Deliberation_de_la_HALDE1.pdf\"><br \/>\nD\u00e9lib\u00e9ration n\u00b02007-372 du 17 d\u00e9cembre 2007<\/a><a href=\"http:\/\/www.fnasat.asso.fr\/halde\/HALDE%20-%20Deliberation%20060409%20-%20suivi%20rapport%20et%20avis%20171207%20%282%29.pdf\"><br \/>\nD\u00e9lib\u00e9ration n\u00b02009 \u2013 143 de la Halde 6 avril 2009<\/a><a href=\"http:\/\/www.fnasat.asso.fr\/halde\/Deliberation%20halde%202009-316.rtf\"><br \/>\nD\u00e9lib\u00e9ration n\u00b02009-316 du 14 septembre 2009<\/a><br \/>\n<a href=\"http:\/\/www.legifrance.gouv.fr\/affichTexte.do?cidTexte=JORFTEXT000021163701\">Un rapport sp\u00e9cial publi\u00e9 au journal officiel\u00a0en 2009<br \/>\n<\/a><br \/>\n<strong>Un consensus national et international pour la r\u00e9forme du statut des \u00ab\u00a0Gens du voyage\u00a0\u00bb<\/strong><br \/>\nLe Comit\u00e9 Europ\u00e9en des Droits Sociaux du Conseil de l\u2019Europe, charg\u00e9 de veiller au respect des dispositions de la Charte sociale europ\u00e9enne a condamn\u00e9 la France \u00e0 deux reprises, le 5 d\u00e9cembre 2007 et le 19 octobre 2009 en concluant que la loi fran\u00e7aise violait les dispositions de la charte.<br \/>\n<a href=\"http:\/\/www.rtdh.eu\/pdf\/CC33Merits_fr.pdf\">D\u00e9cision 2007<\/a><br \/>\n<a href=\"http:\/\/www.coe.int\/t\/dghl\/monitoring\/socialcharter\/Complaints\/CC51MeritsSummary_fr.pdf\">D\u00e9cision 2009<\/a><\/p>\n<p>La CNCDH \u00a0(Commission Nationale Consultative des Droits de l&rsquo;Homme) depuis son rapport de 2008 jusqu\u2019\u00e0 son avis du 22 mars 2012, \u00ab\u00a0sur le respect des droits des \u00ab gens du voyage \u00bb et des Roms migrants au regard des r\u00e9ponses r\u00e9centes de la France aux instances internationales\u00a0\u00bb n\u2019a de cesse de r\u00e9clamer l\u2019alignement du statut des \u00ab\u00a0gens du voyage\u00a0\u00bb sur le droit commun et l\u2019abolition des titres de circulation.<br \/>\n<a href=\"http:\/\/fnasat.centredoc.fr\/opac\/doc_num.php?explnum_id=6\">Rapport 2008<\/a><br \/>\n<a href=\"http:\/\/www.fnasat.asso.fr\/12-03-22-Avis-gens-du-voyage-et-Roms-migrants.pdf\">Avis 2012<\/a><\/p>\n<p>En 2010, <a href=\"http:\/\/www.assemblee-nationale.fr\/13\/propositions\/pion3042.asp\">une proposition de loi<\/a> visant l\u2019abrogation de la loi du 3 janvier 1969 est d\u00e9pos\u00e9e par le d\u00e9put\u00e9 Jean-Marc Ayrault accompagn\u00e9e d&rsquo;un <a href=\"http:\/\/www.assemblee-nationale.fr\/13\/rapports\/r3105.asp\">rapport fait au nom de la commission des lois<\/a> sur ladite proposition par le d\u00e9put\u00e9 Dominique Raimbourg, (19 janvier 2011). Cette proposition a \u00e9t\u00e9 rejet\u00e9e au motif de l&rsquo;attente du rapport du s\u00e9nateur H\u00e9risson.<\/p>\n<p>En 2011, <a href=\"http:\/\/fnasat.centredoc.fr\/opac\/doc_num.php?explnum_id=189\">le rapport de la mission d\u2019information de l\u2019Assembl\u00e9e nationale sur le bilan et l\u2019adaptation de la l\u00e9gislation relative \u00e0 l\u2019accueil et \u00e0 l\u2019habitat des \u00ab\u00a0Gens du voyage\u00a0\u00bb<\/a> remis le 9 mars 2011 par le d\u00e9put\u00e9 Didier Quentin, puis le <a href=\"http:\/\/fnasat.centredoc.fr\/opac\/doc_num.php?explnum_id=209\">rapport du Pr\u00e9sident de la Commission nationale consultative des Gens du voyage<\/a>, le s\u00e9nateur Pierre H\u00e9risson, \u00e9tabli \u00e0 la demande du Premier ministre et remis le 28 juillet 2011, constatent l\u2019imp\u00e9rieuse n\u00e9cessit\u00e9 de r\u00e9former le dispositif actuel.<a href=\"http:\/\/fnasat.centredoc.fr\/opac\/doc_num.php?explnum_id=189\"><br \/>\n<\/a><a href=\"http:\/\/media.eduscol.education.fr\/file\/Valeurs_republicaines\/71\/6\/Plan_national_action_contre_racisme_antisemitisme_212716.pdf\"><br \/>\nLe plan national d&rsquo;action contre le racisme et l&rsquo;antis\u00e9mitisme 2012-2014<\/a> , annonc\u00e9 publiquement en aout 2010 et pr\u00e9sent\u00e9 en f\u00e9vrier 2012 consacre un chapitre \u00e0 la l\u00e9gislation applicable aux gens du voyage et\u00a0 propose plusieurs mesures de simplification et d\u2019am\u00e9lioration notamment \u00a0une modification de la loi du 3 janvier 1969 ayant pour but de supprimer les titres de circulation et d\u2019aligner les conditions d\u2019inscription sur les listes \u00e9lectorales des gens du voyage sur le droit commun.<\/p>\n<p><strong>L\u2019alignement sur le droit commun et non pas une simple proximit\u00e9<\/strong><br \/>\nPlus de 40 ans apr\u00e8s la promulgation de la loi de 1969, les associations repr\u00e9sentatives des Voyageurs et les associations de d\u00e9fense de leurs droits restent fermement\u00a0 d\u00e9termin\u00e9es \u00e0 lutter pour un plein acc\u00e8s au droit commun et pour l\u00a0\u00bb\u00e9galit\u00e9 de traitement.<\/p>\n","protected":false},"excerpt":{"rendered":"<p>Les critiques de la loi de 1969 Depuis plusieurs d\u00e9cennies, la loi du 3 janvier 1969 a fait l\u2019objet de nombreuses critiques de la part\u00a0 des associations repr\u00e9sentatives des Voyageurs ainsi que des associations de d\u00e9fense de leurs droits. Les &hellip; <a href=\"https:\/\/www.voyageurs-citoyens.fr\/?page_id=62\">Continuer la lecture <span class=\"meta-nav\">&rarr;<\/span><\/a><\/p>\n","protected":false},"author":1,"featured_media":0,"parent":50,"menu_order":2,"comment_status":"open","ping_status":"open","template":"","meta":{"ngg_post_thumbnail":0,"footnotes":""},"class_list":["post-62","page","type-page","status-publish","hentry"],"_links":{"self":[{"href":"https:\/\/www.voyageurs-citoyens.fr\/index.php?rest_route=\/wp\/v2\/pages\/62","targetHints":{"allow":["GET"]}}],"collection":[{"href":"https:\/\/www.voyageurs-citoyens.fr\/index.php?rest_route=\/wp\/v2\/pages"}],"about":[{"href":"https:\/\/www.voyageurs-citoyens.fr\/index.php?rest_route=\/wp\/v2\/types\/page"}],"author":[{"embeddable":true,"href":"https:\/\/www.voyageurs-citoyens.fr\/index.php?rest_route=\/wp\/v2\/users\/1"}],"replies":[{"embeddable":true,"href":"https:\/\/www.voyageurs-citoyens.fr\/index.php?rest_route=%2Fwp%2Fv2%2Fcomments&post=62"}],"version-history":[{"count":55,"href":"https:\/\/www.voyageurs-citoyens.fr\/index.php?rest_route=\/wp\/v2\/pages\/62\/revisions"}],"predecessor-version":[{"id":138,"href":"https:\/\/www.voyageurs-citoyens.fr\/index.php?rest_route=\/wp\/v2\/pages\/62\/revisions\/138"}],"up":[{"embeddable":true,"href":"https:\/\/www.voyageurs-citoyens.fr\/index.php?rest_route=\/wp\/v2\/pages\/50"}],"wp:attachment":[{"href":"https:\/\/www.voyageurs-citoyens.fr\/index.php?rest_route=%2Fwp%2Fv2%2Fmedia&parent=62"}],"curies":[{"name":"wp","href":"https:\/\/api.w.org\/{rel}","templated":true}]}}

<div id="attachment_229" style="width: 594px" class="wp-caption aligncenter"><a href="http://www.voyageurs-citoyens.fr/wp-content/uploads/2012/04/MANIF-4-sept-2010-Grace-Neves.jpg"><img loading="lazy" decoding="async" aria-describedby="caption-attachment-229" class="size-large wp-image-229" title="MANIF 4 sept 2010 Grace Neves" src="http://www.voyageurs-citoyens.fr/wp-content/uploads/2012/04/MANIF-4-sept-2010-Grace-Neves-1024x488.jpg" alt="" width="584" height="278" /></a><p id="caption-attachment-229" class="wp-caption-text">Manifestation 4/09/2010 -  Photo Grace Neves</p></div>
<p><strong>Les critiques de la loi de 1969</strong><br />
Depuis plusieurs décennies, la <a href="http://www.legifrance.gouv.fr/affichTexte.do?cidTexte=LEGITEXT000006068336&amp;dateTexte=20110825">loi du 3 janvier 1969 </a>a fait l’objet de nombreuses critiques de la part  des associations représentatives des Voyageurs ainsi que des associations de défense de leurs droits.</p>
<p><strong>Les critiques émises par les  rapports gouvernementaux</strong><br />
Dans son rapport commandé par le premier  Ministre en 1990, le préfet  Delamon appelle à modifier les deux articles dérogatoires au droit commun concernant :<br />
&#8211;<em>la limitation à 3 %  de la population d&rsquo;une commune (article 8 ) du nombre de personnes détentrices d&rsquo;un titre de circulation et rattachées administrativement à cette commune<br />
&#8211; le délai de  trois ans de rattachement administratif ininterrompu dans la même commune pour l’inscription sur les listes électorales des personnes détentrices d&rsquo;un titre de circulation (article 10)</em><br />
<a href="http://fnasat.centredoc.fr/opac/doc_num.php?explnum_id=194">Rapport Delamon</a><br />
En 2001, le rapport du préfet Merrheim  et en 2002 le  rapport de la  Commission nationale consultative des Gens du voyage  renouvellent cette demande.</p>
<p><strong>L’approche en terme de discriminations</strong><br />
La loi n° 2004-1486 portant création de la Haute autorité de lutte contre les discriminations et pour l’égalité (HALDE) énonce que « chacun a droit à un traitement égal, quelles que soient son origine nationale, son appartenance ou non-appartenance vraie ou supposée à une ethnie ou à une race » pour l’exercice de ses  droits économiques et sociaux.<br />
En 2007, une commission « ad hoc » de la HALDE procède à plusieurs auditions et  Christophe Le Berre, au titre de la commission juridique de la Fnasat remet un rapport à ses membres. L’approche en termes de « discrimination indirecte » démontre que le régime juridique appliqué à la catégorie « gens du voyage » est source de désavantages marqués, en ce qui concerne l’exercice de leurs droits civils, politiques, économiques sociaux et de leur accès à une pleine citoyenneté.<a href="http://fnasat.centredoc.fr/opac/doc_num.php?explnum_id=266"><br />
LE BERRE Christophe. Le statut des Gens du voyage au crible de la discrimination indirecte. Rapport remis au comité consultatif de la HALDE. Fnasat, novembre 2007</a><br />
Trois délibérations de la HALDE appuient ce constat de 2007 à 2009 :<a href="http://www.fnasat.asso.fr/halde/Deliberation_de_la_HALDE1.pdf"><br />
Délibération n°2007-372 du 17 décembre 2007</a><a href="http://www.fnasat.asso.fr/halde/HALDE%20-%20Deliberation%20060409%20-%20suivi%20rapport%20et%20avis%20171207%20%282%29.pdf"><br />
Délibération n°2009 – 143 de la Halde 6 avril 2009</a><a href="http://www.fnasat.asso.fr/halde/Deliberation%20halde%202009-316.rtf"><br />
Délibération n°2009-316 du 14 septembre 2009</a><br />
<a href="http://www.legifrance.gouv.fr/affichTexte.do?cidTexte=JORFTEXT000021163701">Un rapport spécial publié au journal officiel en 2009<br />
</a><br />
<strong>Un consensus national et international pour la réforme du statut des « Gens du voyage »</strong><br />
Le Comité Européen des Droits Sociaux du Conseil de l’Europe, chargé de veiller au respect des dispositions de la Charte sociale européenne a condamné la France à deux reprises, le 5 décembre 2007 et le 19 octobre 2009 en concluant que la loi française violait les dispositions de la charte.<br />
<a href="http://www.rtdh.eu/pdf/CC33Merits_fr.pdf">Décision 2007</a><br />
<a href="http://www.coe.int/t/dghl/monitoring/socialcharter/Complaints/CC51MeritsSummary_fr.pdf">Décision 2009</a></p>
<p>La CNCDH  (Commission Nationale Consultative des Droits de l&rsquo;Homme) depuis son rapport de 2008 jusqu’à son avis du 22 mars 2012, « sur le respect des droits des « gens du voyage » et des Roms migrants au regard des réponses récentes de la France aux instances internationales » n’a de cesse de réclamer l’alignement du statut des « gens du voyage » sur le droit commun et l’abolition des titres de circulation.<br />
<a href="http://fnasat.centredoc.fr/opac/doc_num.php?explnum_id=6">Rapport 2008</a><br />
<a href="http://www.fnasat.asso.fr/12-03-22-Avis-gens-du-voyage-et-Roms-migrants.pdf">Avis 2012</a></p>
<p>En 2010, <a href="http://www.assemblee-nationale.fr/13/propositions/pion3042.asp">une proposition de loi</a> visant l’abrogation de la loi du 3 janvier 1969 est déposée par le député Jean-Marc Ayrault accompagnée d&rsquo;un <a href="http://www.assemblee-nationale.fr/13/rapports/r3105.asp">rapport fait au nom de la commission des lois</a> sur ladite proposition par le député Dominique Raimbourg, (19 janvier 2011). Cette proposition a été rejetée au motif de l&rsquo;attente du rapport du sénateur Hérisson.</p>
<p>En 2011, <a href="http://fnasat.centredoc.fr/opac/doc_num.php?explnum_id=189">le rapport de la mission d’information de l’Assemblée nationale sur le bilan et l’adaptation de la législation relative à l’accueil et à l’habitat des « Gens du voyage »</a> remis le 9 mars 2011 par le député Didier Quentin, puis le <a href="http://fnasat.centredoc.fr/opac/doc_num.php?explnum_id=209">rapport du Président de la Commission nationale consultative des Gens du voyage</a>, le sénateur Pierre Hérisson, établi à la demande du Premier ministre et remis le 28 juillet 2011, constatent l’impérieuse nécessité de réformer le dispositif actuel.<a href="http://fnasat.centredoc.fr/opac/doc_num.php?explnum_id=189"><br />
</a><a href="http://media.eduscol.education.fr/file/Valeurs_republicaines/71/6/Plan_national_action_contre_racisme_antisemitisme_212716.pdf"><br />
Le plan national d&rsquo;action contre le racisme et l&rsquo;antisémitisme 2012-2014</a> , annoncé publiquement en aout 2010 et présenté en février 2012 consacre un chapitre à la législation applicable aux gens du voyage et  propose plusieurs mesures de simplification et d’amélioration notamment  une modification de la loi du 3 janvier 1969 ayant pour but de supprimer les titres de circulation et d’aligner les conditions d’inscription sur les listes électorales des gens du voyage sur le droit commun.</p>
<p><strong>L’alignement sur le droit commun et non pas une simple proximité</strong><br />
Plus de 40 ans après la promulgation de la loi de 1969, les associations représentatives des Voyageurs et les associations de défense de leurs droits restent fermement  déterminées à lutter pour un plein accès au droit commun et pour l »égalité de traitement.</p>

<p>Les critiques de la loi de 1969 Depuis plusieurs décennies, la loi du 3 janvier 1969 a fait l’objet de nombreuses critiques de la part  des associations représentatives des Voyageurs ainsi que des associations de défense de leurs droits. Les &hellip; <a href="https://www.voyageurs-citoyens.fr/?page_id=62">Continuer la lecture <span class="meta-nav">&rarr;</span></a></p>
