{"id":56,"date":"2012-04-23T13:06:46","date_gmt":"2012-04-23T13:06:46","guid":{"rendered":"http:\/\/www.voyageurs-citoyens.fr\/?page_id=56"},"modified":"2012-06-02T21:17:18","modified_gmt":"2012-06-02T21:17:18","slug":"la-loi-de-1969","status":"publish","type":"page","link":"https:\/\/www.voyageurs-citoyens.fr\/?page_id=56","title":{"rendered":"Loi  1969"},"content":{"rendered":"<div id=\"lipsum\">\n<p style=\"text-align: justify;\"><strong>En 2012, le statut des Gens du voyage est bas\u00e9 sur la loi du 3 janvier 1969<br \/>\n<\/strong>En 1946, au sortir des camps d\u2019internement fran\u00e7ais, les Tsiganes se retrouvent soumis \u00e0 la contrainte des carnets anthropom\u00e9trique et cette situation perdurera jusqu\u2019en 1969.<\/p>\n<div id=\"attachment_236\" style=\"width: 310px\" class=\"wp-caption alignright\"><a href=\"http:\/\/www.voyageurs-citoyens.fr\/wp-content\/uploads\/2012\/04\/PHOTO-MARCELLE-VALLET-.BM-de-Lyon.Portrait-de-famille-tsigane-\u00e0-lint\u00e9rieur-de-leur-caravaneVALLET-.jpg\"><img loading=\"lazy\" decoding=\"async\" aria-describedby=\"caption-attachment-236\" class=\"size-medium wp-image-236\" title=\"PHOTO MARCELLE VALLET .BM de Lyon.[Portrait de famille tsigane \u00e0 l'int\u00e9rieur de leur caravaneVALLET\" src=\"http:\/\/www.voyageurs-citoyens.fr\/wp-content\/uploads\/2012\/04\/PHOTO-MARCELLE-VALLET-.BM-de-Lyon.Portrait-de-famille-tsigane-\u00e0-lint\u00e9rieur-de-leur-caravaneVALLET--300x300.jpg\" alt=\"\" width=\"300\" height=\"300\" srcset=\"https:\/\/www.voyageurs-citoyens.fr\/wp-content\/uploads\/2012\/04\/PHOTO-MARCELLE-VALLET-.BM-de-Lyon.Portrait-de-famille-tsigane-\u00e0-lint\u00e9rieur-de-leur-caravaneVALLET--300x300.jpg 300w, https:\/\/www.voyageurs-citoyens.fr\/wp-content\/uploads\/2012\/04\/PHOTO-MARCELLE-VALLET-.BM-de-Lyon.Portrait-de-famille-tsigane-\u00e0-lint\u00e9rieur-de-leur-caravaneVALLET--150x150.jpg 150w, https:\/\/www.voyageurs-citoyens.fr\/wp-content\/uploads\/2012\/04\/PHOTO-MARCELLE-VALLET-.BM-de-Lyon.Portrait-de-famille-tsigane-\u00e0-lint\u00e9rieur-de-leur-caravaneVALLET--301x300.jpg 301w, https:\/\/www.voyageurs-citoyens.fr\/wp-content\/uploads\/2012\/04\/PHOTO-MARCELLE-VALLET-.BM-de-Lyon.Portrait-de-famille-tsigane-\u00e0-lint\u00e9rieur-de-leur-caravaneVALLET-.jpg 600w\" sizes=\"auto, (max-width: 300px) 100vw, 300px\" \/><\/a><p id=\"caption-attachment-236\" class=\"wp-caption-text\">Fonds Marcelle Vallet .BM de Lyon.<\/p><\/div>\n<p style=\"text-align: justify;\">Pourtant au lendemain de la guerre, une prise de conscience du caract\u00e8re choquant de la loi de 1912 se fait jour. C\u2019est ainsi qu\u2019en 1948, est cr\u00e9\u00e9 une commission interminist\u00e9rielle \u00ab\u00a0d\u2019\u00e9tude des probl\u00e8mes pos\u00e9s par la pr\u00e9sence en France des populations d\u2019origine nomade\u00a0\u00bb dont l\u2019objectif est la mise en place d\u2019une politique nouvelle pour ins\u00e9rer les \u00ab\u00a0nomades\u00a0\u00bb dans la soci\u00e9t\u00e9 de l\u2019apr\u00e8s guerre. Les travaux de cette commission aboutiront \u00e0 la <a href=\"http:\/\/www.legifrance.gouv.fr\/affichTexte.do?cidTexte=LEGITEXT000006068336&amp;dateTexte=20110825\">loi du 3 janvier 1969<\/a> portant sur la cr\u00e9ation de nouveaux titres de circulations, soumis \u00e0 des contr\u00f4les moins rigoureux que ceux des carnets anthropom\u00e9triques et pr\u00f4nant un droit \u00e0 la promotion sociale pour ceux que l\u2019on d\u00e9signe d\u00e9sormais comme \u00ab Gens du voyage\u00a0\u00bb.<\/p>\n<p style=\"text-align: justify;\"><strong>Les titres de circulation de la loi de 1969<\/strong><br \/>\nLa loi de 1969 cr\u00e9e trois titres de circulation :<br \/>\n&#8211; le \u00ab livret sp\u00e9cial de circulation \u00bb (art. 2) d\u00e9livr\u00e9 aux \u00ab personnes n&rsquo;ayant ni domicile ni r\u00e9sidence fixes de plus de six mois \u00bb exer\u00e7ant une activit\u00e9 ambulante et inscrites au registre du commerce ou au r\u00e9pertoire des m\u00e9tiers. (Ce livret n\u2019est soumis \u00e0 aucun visa).<\/p>\n<p style=\"text-align: justify;\">&#8211; le \u00ab livret de circulation \u00bb (art. 3 et 4) d\u00e9livr\u00e9 aux personnes logeant \u00ab de fa\u00e7on permanente dans un v\u00e9hicule, une remorque ou tout autre abri mobile \u00bb qui \u00ab justifient de ressources r\u00e9guli\u00e8res leur assurant des conditions normales d&rsquo;existence notamment par l&rsquo;exercice d&rsquo;une activit\u00e9 salari\u00e9e \u00bb. Ce livret doit \u00eatre vis\u00e9 tous les 6 mois dans un Commissariat ou dans une Gendarmerie (visa annuel depuis\u00a0la loi du 25\/07\/1985). Le d\u00e9faut de livret de circulation ou visa est passible d\u2019amende.<\/p>\n<p style=\"text-align: justify;\">&#8211; le \u00ab carnet de circulation \u00bb (art. 5) d\u00e9livr\u00e9 aux personnes qui n\u2019entrent pas dans les cat\u00e9gories du livret et ne peuvent justifier de ressources r\u00e9guli\u00e8res. Ce carnet doit \u00eatre vis\u00e9 tous les mois dans un Commissariat ou dans une Gendarmerie (visa trimestriel depuis\u00a0la loi du 25\/07\/1985). Le d\u00e9faut de carnet de circulation est passible d\u2019emprisonnement et le d\u00e9faut de visa passible d\u2019amende.<\/p>\n<p style=\"text-align: justify;\">LIRE :<br \/>\n<a href=\"http:\/\/www.voyageurs-citoyens.fr\/wp-content\/uploads\/2012\/05\/marguerite-gille-doc_num.pdf\">GILLE Marguerite. \u00ab\u00a0Le statut juridique des Tsiganes apr\u00e8s 1945\u00a0\u00bb in Etudes Tsiganes, n\u00b013, 1999<\/a><\/p>\n<p style=\"text-align: justify;\"><a href=\"http:\/\/www.voyageurs-citoyens.fr\/wp-content\/uploads\/2012\/05\/PLUCHON-La-loi-de-1969-extrait-th\u00e8se1.pdf\">PLUCHON Bernard. \u00a0\u00bb la loi de 1969&Prime; article extrait de : \u00ab\u00a0les gens du voyage\u00a0\u00bb, une cat\u00e9gorie probl\u00e9matique de l&rsquo;action publique\u00a0\u00bb, th\u00e8se de sociologie, universit\u00e9 de Nantes, 2009<\/a><\/p>\n<p style=\"text-align: justify;\"><a href=\"http:\/\/www.fnasat.asso.fr\/biblio%20virtuelle\/Statut%20GV.pdf\">WEINHARD J\u00e9r\u00f4me. \u00ab\u00a0Le statut des \u00ab\u00a0Gens du voyage\u00a0\u00bb et ses cons\u00e9quences discriminatoires l\u00e9gales\u00a0\u00bb Fnasat, 2010<\/a><\/p>\n<p style=\"text-align: justify;\"><strong>La cr\u00e9ation de la commune de rattachement, tentative pour inciter les nomades \u00e0 se s\u00e9dentariser<\/strong><br \/>\nLa commune de rattachement est instaur\u00e9e pour procurer aux gens du voyage, les effets rattach\u00e9s au domicile\u00a0: mariage, droit de vote, service nationale, fiscalit\u00e9. Toute personne, sans domicile ni r\u00e9sidence fixe, doit faire le choix de la commune o\u00f9 effectuer ses formalit\u00e9s administratives (sous r\u00e9serve que le seuil quantitatif maximal de 3% de rattachement de Gens du voyage par rapport \u00e0 la population de la commune, ne soit atteint).<\/p>\n<p style=\"text-align: justify;\">Les intentions, concernant la mise en \u0153uvre progressive d\u2019une \u00ab\u00a0s\u00e9dentarisation sans contrainte\u00a0\u00bb sont affirm\u00e9es dans une circulaire du 8 janvier 1973 du ministre de l\u2019int\u00e9rieur\u00a0: \u00ab\u00a0 les dispositions de la loi de 1969 proc\u00e8dent de l\u2019intention nettement affirm\u00e9e tant par le l\u00e9gislateur que par le gouvernement de favoriser une s\u00e9dentarisation progressive des personnes qui circulent actuellement en France sans domicile ni r\u00e9sidence fixe\u00a0\u00bb.<\/p>\n<p style=\"text-align: justify;\">Comme le d\u00e9montrent les articles \u00e0 lire ci-dessous, la loi de 1969, si elle a humanis\u00e9 le statut des \u00ab\u00a0nomades-gens du voyage\u00a0\u00bb n\u2019en a pas pour autant \u00e9radiqu\u00e9 l\u2019id\u00e9ologie s\u00e9curitaire fond\u00e9e sur la suspicion de la mobilit\u00e9, ses effets contribuant \u00e9galement \u00e0 restreindre la libert\u00e9 fondamentale d\u2019aller et venir et \u00e0 bafouer le principe d\u2019unicit\u00e9 r\u00e9publicaine en cr\u00e9ant une cat\u00e9gorie sp\u00e9cifique de citoyens.<\/p>\n<p style=\"text-align: justify;\">LIRE :<br \/>\n<a href=\"http:\/\/www.etudestsiganes.asso.fr\/tablesrevue\/PDFs\/vol%207%20urbanite%20en%20d%E9faut.pdf\">AUBIN Emmanuel. \u00ab\u00a01912-1969 La libert\u00e9 d&rsquo;aller et venir : l&rsquo;id\u00e9ologie s\u00e9curitaire\u00a0\u00bb in Etudes Tsiganes n\u00b07, 1996<\/a><\/p>\n<p style=\"text-align: justify;\"><a href=\"http:\/\/www.voyageurs-citoyens.fr\/wp-content\/uploads\/2012\/05\/Nomades-tsiganes-et-pouvoirs-publics-en-France140.pdf\">LIEGEOIS Jean Pierre. \u00ab\u00a0Nomades, Tsiganes et pouvoirs publics en France au XXe si\u00e8cle\u00a0: du rejet \u00e0 l\u2019assimilation\u00a0\u00bb in Etudes Tsiganes n\u00b04, 1979<\/a><\/p>\n<\/div>\n","protected":false},"excerpt":{"rendered":"<p>En 2012, le statut des Gens du voyage est bas\u00e9 sur la loi du 3 janvier 1969 En 1946, au sortir des camps d\u2019internement fran\u00e7ais, les Tsiganes se retrouvent soumis \u00e0 la contrainte des carnets anthropom\u00e9trique et cette situation perdurera &hellip; <a href=\"https:\/\/www.voyageurs-citoyens.fr\/?page_id=56\">Continuer la lecture <span class=\"meta-nav\">&rarr;<\/span><\/a><\/p>\n","protected":false},"author":1,"featured_media":0,"parent":0,"menu_order":2,"comment_status":"open","ping_status":"open","template":"","meta":{"ngg_post_thumbnail":0,"footnotes":""},"class_list":["post-56","page","type-page","status-publish","hentry"],"_links":{"self":[{"href":"https:\/\/www.voyageurs-citoyens.fr\/index.php?rest_route=\/wp\/v2\/pages\/56","targetHints":{"allow":["GET"]}}],"collection":[{"href":"https:\/\/www.voyageurs-citoyens.fr\/index.php?rest_route=\/wp\/v2\/pages"}],"about":[{"href":"https:\/\/www.voyageurs-citoyens.fr\/index.php?rest_route=\/wp\/v2\/types\/page"}],"author":[{"embeddable":true,"href":"https:\/\/www.voyageurs-citoyens.fr\/index.php?rest_route=\/wp\/v2\/users\/1"}],"replies":[{"embeddable":true,"href":"https:\/\/www.voyageurs-citoyens.fr\/index.php?rest_route=%2Fwp%2Fv2%2Fcomments&post=56"}],"version-history":[{"count":26,"href":"https:\/\/www.voyageurs-citoyens.fr\/index.php?rest_route=\/wp\/v2\/pages\/56\/revisions"}],"predecessor-version":[{"id":384,"href":"https:\/\/www.voyageurs-citoyens.fr\/index.php?rest_route=\/wp\/v2\/pages\/56\/revisions\/384"}],"wp:attachment":[{"href":"https:\/\/www.voyageurs-citoyens.fr\/index.php?rest_route=%2Fwp%2Fv2%2Fmedia&parent=56"}],"curies":[{"name":"wp","href":"https:\/\/api.w.org\/{rel}","templated":true}]}}

<div id="lipsum">
<p style="text-align: justify;"><strong>En 2012, le statut des Gens du voyage est basé sur la loi du 3 janvier 1969<br />
</strong>En 1946, au sortir des camps d’internement français, les Tsiganes se retrouvent soumis à la contrainte des carnets anthropométrique et cette situation perdurera jusqu’en 1969.</p>
<div id="attachment_236" style="width: 310px" class="wp-caption alignright"><a href="http://www.voyageurs-citoyens.fr/wp-content/uploads/2012/04/PHOTO-MARCELLE-VALLET-.BM-de-Lyon.Portrait-de-famille-tsigane-à-lintérieur-de-leur-caravaneVALLET-.jpg"><img loading="lazy" decoding="async" aria-describedby="caption-attachment-236" class="size-medium wp-image-236" title="PHOTO MARCELLE VALLET .BM de Lyon.[Portrait de famille tsigane à l'intérieur de leur caravaneVALLET" src="http://www.voyageurs-citoyens.fr/wp-content/uploads/2012/04/PHOTO-MARCELLE-VALLET-.BM-de-Lyon.Portrait-de-famille-tsigane-à-lintérieur-de-leur-caravaneVALLET--300x300.jpg" alt="" width="300" height="300" srcset="https://www.voyageurs-citoyens.fr/wp-content/uploads/2012/04/PHOTO-MARCELLE-VALLET-.BM-de-Lyon.Portrait-de-famille-tsigane-à-lintérieur-de-leur-caravaneVALLET--300x300.jpg 300w, https://www.voyageurs-citoyens.fr/wp-content/uploads/2012/04/PHOTO-MARCELLE-VALLET-.BM-de-Lyon.Portrait-de-famille-tsigane-à-lintérieur-de-leur-caravaneVALLET--150x150.jpg 150w, https://www.voyageurs-citoyens.fr/wp-content/uploads/2012/04/PHOTO-MARCELLE-VALLET-.BM-de-Lyon.Portrait-de-famille-tsigane-à-lintérieur-de-leur-caravaneVALLET--301x300.jpg 301w, https://www.voyageurs-citoyens.fr/wp-content/uploads/2012/04/PHOTO-MARCELLE-VALLET-.BM-de-Lyon.Portrait-de-famille-tsigane-à-lintérieur-de-leur-caravaneVALLET-.jpg 600w" sizes="auto, (max-width: 300px) 100vw, 300px" /></a><p id="caption-attachment-236" class="wp-caption-text">Fonds Marcelle Vallet .BM de Lyon.</p></div>
<p style="text-align: justify;">Pourtant au lendemain de la guerre, une prise de conscience du caractère choquant de la loi de 1912 se fait jour. C’est ainsi qu’en 1948, est créé une commission interministérielle « d’étude des problèmes posés par la présence en France des populations d’origine nomade » dont l’objectif est la mise en place d’une politique nouvelle pour insérer les « nomades » dans la société de l’après guerre. Les travaux de cette commission aboutiront à la <a href="http://www.legifrance.gouv.fr/affichTexte.do?cidTexte=LEGITEXT000006068336&amp;dateTexte=20110825">loi du 3 janvier 1969</a> portant sur la création de nouveaux titres de circulations, soumis à des contrôles moins rigoureux que ceux des carnets anthropométriques et prônant un droit à la promotion sociale pour ceux que l’on désigne désormais comme « Gens du voyage ».</p>
<p style="text-align: justify;"><strong>Les titres de circulation de la loi de 1969</strong><br />
La loi de 1969 crée trois titres de circulation :<br />
&#8211; le « livret spécial de circulation » (art. 2) délivré aux « personnes n&rsquo;ayant ni domicile ni résidence fixes de plus de six mois » exerçant une activité ambulante et inscrites au registre du commerce ou au répertoire des métiers. (Ce livret n’est soumis à aucun visa).</p>
<p style="text-align: justify;">&#8211; le « livret de circulation » (art. 3 et 4) délivré aux personnes logeant « de façon permanente dans un véhicule, une remorque ou tout autre abri mobile » qui « justifient de ressources régulières leur assurant des conditions normales d&rsquo;existence notamment par l&rsquo;exercice d&rsquo;une activité salariée ». Ce livret doit être visé tous les 6 mois dans un Commissariat ou dans une Gendarmerie (visa annuel depuis la loi du 25/07/1985). Le défaut de livret de circulation ou visa est passible d’amende.</p>
<p style="text-align: justify;">&#8211; le « carnet de circulation » (art. 5) délivré aux personnes qui n’entrent pas dans les catégories du livret et ne peuvent justifier de ressources régulières. Ce carnet doit être visé tous les mois dans un Commissariat ou dans une Gendarmerie (visa trimestriel depuis la loi du 25/07/1985). Le défaut de carnet de circulation est passible d’emprisonnement et le défaut de visa passible d’amende.</p>
<p style="text-align: justify;">LIRE :<br />
<a href="http://www.voyageurs-citoyens.fr/wp-content/uploads/2012/05/marguerite-gille-doc_num.pdf">GILLE Marguerite. « Le statut juridique des Tsiganes après 1945 » in Etudes Tsiganes, n°13, 1999</a></p>
<p style="text-align: justify;"><a href="http://www.voyageurs-citoyens.fr/wp-content/uploads/2012/05/PLUCHON-La-loi-de-1969-extrait-thèse1.pdf">PLUCHON Bernard.  » la loi de 1969&Prime; article extrait de : « les gens du voyage », une catégorie problématique de l&rsquo;action publique », thèse de sociologie, université de Nantes, 2009</a></p>
<p style="text-align: justify;"><a href="http://www.fnasat.asso.fr/biblio%20virtuelle/Statut%20GV.pdf">WEINHARD Jérôme. « Le statut des « Gens du voyage » et ses conséquences discriminatoires légales » Fnasat, 2010</a></p>
<p style="text-align: justify;"><strong>La création de la commune de rattachement, tentative pour inciter les nomades à se sédentariser</strong><br />
La commune de rattachement est instaurée pour procurer aux gens du voyage, les effets rattachés au domicile : mariage, droit de vote, service nationale, fiscalité. Toute personne, sans domicile ni résidence fixe, doit faire le choix de la commune où effectuer ses formalités administratives (sous réserve que le seuil quantitatif maximal de 3% de rattachement de Gens du voyage par rapport à la population de la commune, ne soit atteint).</p>
<p style="text-align: justify;">Les intentions, concernant la mise en œuvre progressive d’une « sédentarisation sans contrainte » sont affirmées dans une circulaire du 8 janvier 1973 du ministre de l’intérieur : «  les dispositions de la loi de 1969 procèdent de l’intention nettement affirmée tant par le législateur que par le gouvernement de favoriser une sédentarisation progressive des personnes qui circulent actuellement en France sans domicile ni résidence fixe ».</p>
<p style="text-align: justify;">Comme le démontrent les articles à lire ci-dessous, la loi de 1969, si elle a humanisé le statut des « nomades-gens du voyage » n’en a pas pour autant éradiqué l’idéologie sécuritaire fondée sur la suspicion de la mobilité, ses effets contribuant également à restreindre la liberté fondamentale d’aller et venir et à bafouer le principe d’unicité républicaine en créant une catégorie spécifique de citoyens.</p>
<p style="text-align: justify;">LIRE :<br />
<a href="http://www.etudestsiganes.asso.fr/tablesrevue/PDFs/vol%207%20urbanite%20en%20d%E9faut.pdf">AUBIN Emmanuel. « 1912-1969 La liberté d&rsquo;aller et venir : l&rsquo;idéologie sécuritaire » in Etudes Tsiganes n°7, 1996</a></p>
<p style="text-align: justify;"><a href="http://www.voyageurs-citoyens.fr/wp-content/uploads/2012/05/Nomades-tsiganes-et-pouvoirs-publics-en-France140.pdf">LIEGEOIS Jean Pierre. « Nomades, Tsiganes et pouvoirs publics en France au XXe siècle : du rejet à l’assimilation » in Etudes Tsiganes n°4, 1979</a></p>
</div>

<p>En 2012, le statut des Gens du voyage est basé sur la loi du 3 janvier 1969 En 1946, au sortir des camps d’internement français, les Tsiganes se retrouvent soumis à la contrainte des carnets anthropométrique et cette situation perdurera &hellip; <a href="https://www.voyageurs-citoyens.fr/?page_id=56">Continuer la lecture <span class="meta-nav">&rarr;</span></a></p>
