{"id":499,"date":"2012-07-20T14:40:56","date_gmt":"2012-07-20T14:40:56","guid":{"rendered":"http:\/\/www.voyageurs-citoyens.fr\/?page_id=499"},"modified":"2012-08-30T14:25:37","modified_gmt":"2012-08-30T14:25:37","slug":"revue-de-presse","status":"publish","type":"page","link":"https:\/\/www.voyageurs-citoyens.fr\/?page_id=499","title":{"rendered":"Revue de Presse"},"content":{"rendered":"<p><strong><a href=\"http:\/\/www.lavoixdunord.fr\/region\/anniversaire-du-carnet-de-circulation-les-gens-du-voyage-ia987b0n653752\">\u00a0Anniversaire du carnet de circulation : les gens du voyage se disent \u00ab fich\u00e9s \u00bbLa Voix du Nord 28\/08\/2012<\/a><\/strong><\/p>\n<p><strong><a href=\"http:\/\/www.lagazettedescommunes.com\/125577\/les-senateurs-veulent-revoir-le-statut-et-le-mode-de-vie-des-gens-du-voyage\/\">Les s\u00e9nateurs veulent revoir le statut et le mode de vie des gens du voyage. La Gazette des communes 02\/08\/2012<\/a><\/strong><\/p>\n<p><strong><a href=\"http:\/\/www.humanite.fr\/societe\/gens-du-voyage-bientot-la-fin-de-100-ans-de-discrimination-501538\">Gens du voyage : bient\u00f4t la fin de 100 ans de discrimination<br \/>\n<\/a><a href=\"http:\/\/www.humanite.fr\/societe\/gens-du-voyage-bientot-la-fin-de-100-ans-de-discrimination-501538\">L\u2019humanit\u00e9 27\/07\/2012<\/a><\/strong><\/p>\n<p><strong><a href=\"http:\/\/www.arte.tv\/fr\/France---100-ans-de-statut-special-des-gens-du-voyage\/6817902.html\">Reportage\u00a0: France 100 ans de statut sp\u00e9cial des gens du voyage\u00a0:<br \/>\nARTE JOURNAL\u00a0 18\/07\/2012<\/a> <span style=\"font-family: Times New Roman; font-size: small;\"><a title=\"blocked::http:\/\/www.arte.tv\/fr\/France---100-ans-de-statut-special-des-gens-du-voyage\/6817902.html\" href=\"http:\/\/www.arte.tv\/fr\/France---100-ans-de-statut-special-des-gens-du-voyage\/6817902.html\"><br \/>\n<\/a><\/span><\/strong><\/p>\n<h1><a href=\"http:\/\/www.lemonde.fr\/societe\/article\/2012\/07\/17\/cent-apres-sa-creation-le-carnet-de-circulation-est-toujours-obligatoire_1734699_3224.html\">Cent ans apr\u00e8s sa cr\u00e9ation, le \u00ab\u00a0carnet de circulation\u00a0\u00bb est toujours obligatoire LE MONDE | 17.07.2012<\/a><strong><span style=\"font-family: Times New Roman; font-size: small;\"><br \/>\n<\/span><\/strong><\/h1>\n<h1><a href=\"http:\/\/www.20minutes.fr\/societe\/970003-gens-voyage-retablir-citoyennete-part-entiere\">\u00abGens du voyage\u00bb: \u00abR\u00e9tablir la citoyennet\u00e9 \u00e0 part enti\u00e8re\u00bb<br \/>\n20 MINUTES 12 juillet 2012.<\/a><strong><span style=\"font-family: Times New Roman; font-size: small;\"><br \/>\n<\/span><\/strong><\/h1>\n<h1><a href=\"http:\/\/blogs.mediapart.fr\/edition\/les-invites-de-mediapart\/article\/140712\/les-nomades-des-citoyens-part-depuis-un-siecle\">Les \u00abnomades\u00bb, des citoyens \u00e0 part depuis un si\u00e8cle<br \/>\nMediapart 14 juillet 2012-<\/a><strong><span style=\"font-family: Times New Roman; font-size: small;\"><br \/>\n<\/span><\/strong><\/h1>\n","protected":false},"excerpt":{"rendered":"<p>\u00a0Anniversaire du carnet de circulation : les gens du voyage se disent \u00ab fich\u00e9s \u00bbLa Voix du Nord 28\/08\/2012 Les s\u00e9nateurs veulent revoir le statut et le mode de vie des gens du voyage. La Gazette des communes 02\/08\/2012 Gens &hellip; <a href=\"https:\/\/www.voyageurs-citoyens.fr\/?page_id=499\">Continuer la lecture <span class=\"meta-nav\">&rarr;<\/span><\/a><\/p>\n","protected":false},"author":1,"featured_media":0,"parent":0,"menu_order":6,"comment_status":"open","ping_status":"open","template":"","meta":{"ngg_post_thumbnail":0,"footnotes":""},"class_list":["post-499","page","type-page","status-publish","hentry"],"_links":{"self":[{"href":"https:\/\/www.voyageurs-citoyens.fr\/index.php?rest_route=\/wp\/v2\/pages\/499","targetHints":{"allow":["GET"]}}],"collection":[{"href":"https:\/\/www.voyageurs-citoyens.fr\/index.php?rest_route=\/wp\/v2\/pages"}],"about":[{"href":"https:\/\/www.voyageurs-citoyens.fr\/index.php?rest_route=\/wp\/v2\/types\/page"}],"author":[{"embeddable":true,"href":"https:\/\/www.voyageurs-citoyens.fr\/index.php?rest_route=\/wp\/v2\/users\/1"}],"replies":[{"embeddable":true,"href":"https:\/\/www.voyageurs-citoyens.fr\/index.php?rest_route=%2Fwp%2Fv2%2Fcomments&post=499"}],"version-history":[{"count":18,"href":"https:\/\/www.voyageurs-citoyens.fr\/index.php?rest_route=\/wp\/v2\/pages\/499\/revisions"}],"predecessor-version":[{"id":519,"href":"https:\/\/www.voyageurs-citoyens.fr\/index.php?rest_route=\/wp\/v2\/pages\/499\/revisions\/519"}],"wp:attachment":[{"href":"https:\/\/www.voyageurs-citoyens.fr\/index.php?rest_route=%2Fwp%2Fv2%2Fmedia&parent=499"}],"curies":[{"name":"wp","href":"https:\/\/api.w.org\/{rel}","templated":true}]}}